) - (-4)/40) + -27. Let q be 1062/33 - (106/m - -5). What is the greatest common divisor of q and 4?
4
Let g(w) = 6151*w + 18. Let v be g(-12). Let l be v/(-245) - 1/5. Calculate the greatest common factor of l and 7.
7
Let a = -166 + 40. Let p = 226 + a. Suppose 0 = -5*f + o + 205, -2*f = -f - 3*o - 55. Calculate the highest common factor of p and f.
20
Let h = 127 + -116. Let c(f) = 98*f**2 - 5*f - 4. Let z = 100 + -101. Let q be c(z). What is the greatest common divisor of q and h?
11
Let a(o) = 3*o**3 + 109*o**2 - 25*o - 272. Let v be a(-36). What is the highest common factor of v and 296?
148
Let x = -21 + 44. Suppose 12 = -h + x. Suppose 5*j - 5 = -0. What is the greatest common divisor of h and j?
1
Suppose -10*w - 11*w + 21225 + 4416 = 0. What is the greatest common factor of 518 and w?
37
Suppose 528 = -77*h + 78*h - 3*k, k = 7. What is the highest common divisor of h and 488?
61
Suppose -17 + 7 = -5*c, -2*c - 388 = -4*u. What is the highest common factor of u and 42?
14
Let r(w) be the first derivative of -w**4/2 - 5*w**3/3 + 3*w**2/2 + 6*w - 132. Let z be r(-3). What is the highest common divisor of z and 72?
6
Let s(t) = 434*t - 58. Let w(n) = 87*n - 12. Let l(p) = 3*s(p) - 16*w(p). Let a be l(-4). Calculate the highest common divisor of 42 and a.
42
Let y(k) = 6*k**2 - 1. Let t be y(-1). Suppose t*c - 1034 = -2*i, 4*i - 5*c = 115 + 1983. Calculate the greatest common divisor of i and 18.
18
Let h(m) = 34*m**2 + m - 9. Let w be h(16). What is the greatest common factor of 31 and w?
31
Suppose -l = -11 + 15. Let k(y) = y + 9. Let v be k(l). Suppose 0 = -2*t - 5*b + 40, -2*t - 3*t = -v*b - 30. What is the highest common factor of 70 and t?
10
Let a(o) = -14170*o - 70845. Let n be a(-5). Let j(u) = 3*u**3 - u**2 + 2*u + 1. Let p be j(4). Calculate the greatest common factor of p and n.
5
Let k(c) = -7*c**2 - 18 + 17*c - 5*c**3 - 7*c**2 + 4*c**3 + 24*c**2. Let x be k(11). Let m = 30 + -18. What is the greatest common factor of m and x?
12
Let p = 4511 - 4351. What is the highest common factor of 460 and p?
20
Let b be (-26*10)/(16/(-40)). Let w = 254 + -244. Calculate the greatest common factor of b and w.
10
Let o = -40 - -44. Suppose -5*s + 222 = o*a, -29 = -2*s + 4*a + 43. Suppose -22 = -m + 20. Calculate the greatest common divisor of m and s.
42
Let w(u) = 6*u**2 - 25*u + 2. Let c(f) = -f**3 + 7*f**2 - 14*f + 16. Let x be c(5). Let y be w(x). Calculate the greatest common factor of y and 22.
22
Let l = 97454 + -97198. Suppose -6 = -o + 10. What is the greatest common divisor of o and l?
16
Suppose 63*n - 62*n - 47 = 5*j, 4*n = j + 283. What is the highest common factor of 128 and n?
8
Let q(j) = j**2 - 134*j - 1550. Let c be q(-11). What is the highest common divisor of c and 240?
15
Let d = 14358 + -10210. What is the highest common factor of d and 68?
68
Let o be 2/(-31) - (-13395)/4371. Calculate the highest common factor of o and 2757.
3
Suppose -4*r + 2*t = 1106 - 6086, -4*r - t + 4998 = 0. What is the highest common factor of r and 264?
24
Suppose 3022 = -30*i - 5618. Let m = i - -318. Let o = -6 + 16. What is the highest common factor of m and o?
10
Let x(r) = 39*r - 269. Let z be x(10). Calculate the greatest common factor of 143 and z.
11
Suppose -52*c + 23085 = 54*c - 25*c. Calculate the highest common divisor of 60 and c.
15
Suppose -5*q + 3*o = -3443, 0*q - 1373 = -2*q - 3*o. Calculate the highest common factor of q and 43.
43
Suppose -452 = -9*k - 101. Suppose 930 = 17*p - k. Calculate the greatest common divisor of 342 and p.
57
Let v(i) = -11*i**3 - 96*i**2 + 7*i - 105. Let b be v(-12). What is the highest common factor of b and 9?
9
Let h be (-22)/(-8) + 40/160. Suppose -6 - 209 = -4*d - 3*l, 9 = -3*l. Suppose d = -h*s + 68. What is the greatest common divisor of 36 and s?
4
Let g(m) = 133*m - 560. Let n be g(5). Calculate the greatest common factor of 665 and n.
35
Suppose -6192 = 7*w + 2*w. Let m be w/(-10) + 7/175*5. Let p = m - 58. Calculate the greatest common divisor of 22 and p.
11
Let j be 8/(-22)*(-1012)/184. Suppose 0 = l - j*y - 270, 41*y - 38*y = 15. Calculate the greatest common factor of 40 and l.
40
Let j = -235 + 237. Suppose d + 9 = -2*d, 5*n + j*d = 144. What is the greatest common factor of 390 and n?
30
Suppose -2*t + 4*d = -41 + 9, -t + 1 = 3*d. Let u be 4/(6 - t) + 126. Let m = -58 + 83. Calculate the greatest common factor of u and m.
25
Let x(c) = -c**3 - c**2 + 7*c + 8. Let b be x(0). What is the highest common divisor of b and 1312?
8
Let u(s) = 2*s**3 + 20*s**2 - 306*s + 27. Let c be u(-18). What is the highest common divisor of 54 and c?
27
Suppose -673*x + 686*x - 23478 = 0. Calculate the highest common factor of 84 and x.
42
Let s be (1 + 175/21)*9. Suppose 90*g = s*g + 768. Calculate the highest common factor of g and 16.
16
Suppose -133 = -u - 130. Suppose -2 = -4*c - 5*a + 17, -u*c + 9 = 2*a. What is the greatest common divisor of 2 and c?
1
Let r be 4*(-1)/(32/(-264)). Let j = 691 - -464. Suppose j = 8*w - 3*w. What is the greatest common factor of w and r?
33
Let z be ((-117)/(-15))/((-6)/(-30)). Let v be 10 - 0 - (-2 + 1 - 2). Calculate the highest common factor of z and v.
13
Let g(p) = -146*p + 4. Let y be g(0). Suppose -12*t = -11*t - 100. Calculate the greatest common divisor of t and y.
4
Let b(k) = -k**2 + 18*k - 87. Let l be b(6). Let r be l/9 - -2 - 1406/(-57). What is the greatest common factor of r and 1075?
25
Suppose -740 = -11*p - 26*p. Suppose p = 817*s - 815*s. Let t = 163 + -93. What is the highest common factor of s and t?
10
Suppose -4*i + 3*i + 3 = 0. Suppose i*c - 14 = -4*n, -5*c - 2*n + 28 = -0*n. Let s be ((-8)/20)/(6/(-15))*6. What is the greatest common divisor of s and c?
6
Let z = 185 - 179. Let y be ((-1524)/(-36) - 2/z) + -3. What is the highest common divisor of 507 and y?
39
Let y = -7 - -11. Let a(n) = -2*n**3 + 7*n**2 + 3*n + 4. Let w be a(-3). Suppose -2*p - w = -9*p. Calculate the greatest common divisor of p and y.
4
Let w be (-38)/(218/(-763) - (2 + 2 + -4)). What is the greatest common divisor of 49 and w?
7
Let p be (-454956)/(-1674) - (-2)/9. Calculate the highest common factor of p and 6800.
272
Let b(s) = 11*s**2 + 6 - 9*s**2 - 2*s**2 + 6*s + s**2. Let f be b(-6). Let y be ((-32)/f)/(1 + 8/(-6)). What is the highest common factor of 176 and y?
16
Suppose 62*i - 61*i - 3*c - 399 = 0, -c + 5 = 0. Calculate the highest common divisor of 882 and i.
18
Suppose 75*s - 73*s = 220. Let t = -22 + s. Calculate the highest common divisor of 22 and t.
22
Let i be ((-15)/(-12))/(1/12). Suppose 5*t = 2*h + 15, 0*h + 5*t - 15 = h. Let r be (-225 - h)/(7/14 + -2). Calculate the highest common divisor of r and i.
15
Let d = 236 - 227. Let h be -1*(-2)/(6/27). What is the highest common factor of d and h?
9
Let h be (-1)/(-1) + -17 + 44/(-11). Let w be 295/15 + (h/(-15))/4. What is the highest common divisor of w and 30?
10
Let t be -36*((-34668)/(-16))/(-27). Calculate the greatest common factor of t and 107.
107
Let f = -44 - -86. Suppose 0 = x - 56*x + 3212 - 132. Calculate the greatest common factor of f and x.
14
Let a = 35 + -16. Let t = a + -20. Let f be 6/((-12)/(-38)) - t. Calculate the greatest common factor of 140 and f.
20
Let h(d) = -d - 3. Let a be h(4). Let k be (2/a)/((-4)/28). Let s be 6 + 0 + -3*k/3. Calculate the highest common divisor of 16 and s.
4
Let d be 252 - (-19)/(190/(-140)). What is the greatest common factor of 1547 and d?
119
Suppose -8899 - 4591 + 4370 = -16*y. What is the highest common factor of y and 247?
19
Suppose i - 334 - 98 = 0. Let r(w) = -34*w**2 + 5442*w - 266. Let k be r(160). What is the greatest common factor of k and i?
54
Let x(a) = 538*a - 803. Let z be x(2). Calculate the greatest common factor of 117 and z.
39
Suppose -5*s = -3*s. Let d = -268 - -355. Suppose 88*b - d*b - 22 = s. What is the highest common factor of b and 55?
11
Let x(p) = 22*p**2 - 609*p - 263. Let t be x(49). What is the greatest common divisor of 37 and t?
37
Let t(y) = 3*y**3 + 38*y**2 + 28*y + 55. Let q be t(-11). Calculate the highest common divisor of q and 11.
11
Suppose -18*j - 15 = -23*j. Suppose -5*y + 199 = 2*n, j*n + 167 = 4*y + 2*n. Let g be (-3 - y)/(-2) + 0. Calculate the greatest common divisor of 66 and g.
22
Let u(y)